{"id":73,"date":"2016-09-09T13:29:17","date_gmt":"2016-09-09T13:29:17","guid":{"rendered":"http:\/\/augenaerzte-baum-clausen.de\/?page_id=73"},"modified":"2016-11-02T10:33:30","modified_gmt":"2016-11-02T10:33:30","slug":"impressum","status":"publish","type":"page","link":"https:\/\/augenaerzte-baum-clausen.de\/?page_id=73","title":{"rendered":"Impressum"},"content":{"rendered":"<h4>Pflichtangaben nach \u00a7 5 Telemediengesetz (TMG)<\/h4>\n<h4><\/h4>\n<div>\n<p><span class=\"bold\">Herausgeber\/Verantwortliche:\u2028<\/span><br \/>\n<span class=\"bold\">Andrea Baum und Dr. Ina Clausen<\/span><br \/>\nBr\u00fchlerwallstra\u00dfe 4<br \/>\n99084 Erfurt<\/p>\n<\/div>\n<div><\/div>\n<div>\n<p><span class=\"bold\">Kontakt:<\/span><br \/>\nTelefon: +49 361 225 49 59<br \/>\nTelefax: +49\u00a0361 660 56 65<\/p>\n<\/div>\n<div><\/div>\n<div>\n<p><span class=\"bold\">Gesetzliche Berufsbezeichnung:<\/span><br \/>\nFach\u00e4rztinnen f\u00fcr Augenheilkunde<\/p>\n<\/div>\n<div><\/div>\n<div>\n<p><span class=\"bold\">Zust\u00e4ndige Aufsichtsbeh\u00f6rde:<\/span><br \/>\n\u00c4rztekammer\u00a0Th\u00fcringen<\/p>\n<\/div>\n<div><\/div>\n<div>\n<p><span class=\"bold\">Zust\u00e4ndige Kammer:<\/span><br \/>\n\u00c4rztekammer\u00a0Th\u00fcringen<\/p>\n<\/div>\n<div><\/div>\n<div>\n<p><span class=\"bold\">Verantwortlich f\u00fcr den Inhalt nach \u00a7 55 Abs. 2 RStV:<\/span><br \/>\nAndrea Baum, Dr. Ina Clausen<\/p>\n<\/div>\n<div><\/div>\n<div>\n<p>Quellenangaben f\u00fcr die verwendeten Bilder und Grafiken:<br \/>\nFotos: Peter Michaelis<br \/>\nGrafikdesign:\u00a0<span style=\"text-indent: 0em;\">Monogramm. Atelier f\u00fcr Gestaltung, Saskia Kurzweg\u00a0<\/span><a style=\"text-indent: 0em;\" href=\"http:\/\/www.monogramm.net\" target=\"_blank\">www.monogramm.net<\/a><\/p>\n<\/div>\n<hr class=\"\" \/>\n<h4><span class=\"bold\">Haftungsausschluss (Disclaimer)<\/span><\/h4>\n<h4><\/h4>\n<p><span class=\"bold\">Haftung f\u00fcr Inhalte:<\/span><br \/>\nAls Diensteanbieter sind wir gem\u00e4\u00df \u00a7 7 Abs.1 TMG f\u00fcr eigene Inhalte auf diesen Seiten nach den allgemeinen Gesetzen verantwortlich. Nach \u00a7\u00a7 8 bis 10 TMG sind wir als Diensteanbieter jedoch nicht verpflichtet, \u00fcbermittelte oder gespeicherte fremde Informationen zu \u00fcberwachen oder nach Umst\u00e4nden zu forschen, die auf eine rechtswidrige T\u00e4tigkeit hinweisen. Verpflichtungen zur Entfernung oder Sperrung der Nutzung von Informationen nach den allgemeinen Gesetzen bleiben hiervon unber\u00fchrt. Eine diesbez\u00fcgliche Haftung ist jedoch erst ab dem Zeitpunkt der Kenntnis einer konkreten Rechtsverletzung m\u00f6glich. Bei Bekanntwerden von entsprechenden Rechtsverletzungen werden wir diese Inhalte umgehend entfernen.<\/p>\n<p><span class=\"bold\">Haftung f\u00fcr Links:<\/span><br \/>\nUnser Angebot enth\u00e4lt Links zu externen Webseiten Dritter, auf deren Inhalte wir keinen Einfluss haben. Deshalb k\u00f6nnen wir f\u00fcr diese fremden Inhalte auch keine Gew\u00e4hr \u00fcbernehmen. F\u00fcr die Inhalte der verlinkten Seiten ist stets der jeweilige Anbieter oder Betreiber der Seiten verantwortlich. Die verlinkten Seiten wurden zum Zeitpunkt der Verlinkung auf m\u00f6gliche Rechtsverst\u00f6\u00dfe \u00fcberpr\u00fcft. Rechtswidrige Inhalte waren zum Zeitpunkt der Verlinkung nicht erkennbar. Eine permanente inhaltliche Kontrolle der verlinkten Seiten ist jedoch ohne konkrete Anhaltspunkte einer Rechtsverletzung nicht zumutbar. Bei Bekanntwerden von Rechtsverletzungen werden wir derartige Links umgehend entfernen.<\/p>\n<p><span class=\"bold\">Urheberrecht:<\/span><br \/>\nDie durch die Seitenbetreiber erstellten Inhalte und Werke auf diesen Seiten unterliegen dem deutschen Urheberrecht. Die Vervielf\u00e4ltigung, Bearbeitung, Verbreitung und jede Art der Verwertung au\u00dferhalb der Grenzen des Urheberrechtes bed\u00fcrfen der schriftlichen Zustimmung des jeweiligen Autors bzw. Erstellers. Downloads und Kopien dieser Seite sind nur f\u00fcr den privaten, nicht kommerziellen Gebrauch gestattet. Soweit die Inhalte auf dieser Seite nicht vom Betreiber erstellt wurden, werden die Urheberrechte Dritter beachtet. Insbesondere werden Inhalte Dritter als solche gekennzeichnet. Sollten Sie trotzdem auf eine Urheberrechtsverletzung aufmerksam werden, bitten wir um einen entsprechenden Hinweis. Bei Bekanntwerden von Rechtsverletzungen werden wir derartige Inhalte umgehend entfernen.<\/p>\n<p>Quelle:\u00a0<a href=\"http:\/\/www.e-recht24.de\/\" target=\"_blank\">www.e-recht24.de<\/a><\/p>\n","protected":false},"excerpt":{"rendered":"<p>Pflichtangaben nach \u00a7 5 Telemediengesetz (TMG) Herausgeber\/Verantwortliche:\u2028 Andrea Baum und Dr. Ina Clausen Br\u00fchlerwallstra\u00dfe 4 99084 Erfurt Kontakt: Telefon: +49 361 225 49 59 Telefax: +49\u00a0361 660 56 65 Gesetzliche Berufsbezeichnung: Fach\u00e4rztinnen f\u00fcr Augenheilkunde Zust\u00e4ndige Aufsichtsbeh\u00f6rde: \u00c4rztekammer\u00a0Th\u00fcringen Zust\u00e4ndige Kammer: \u00c4rztekammer\u00a0Th\u00fcringen Verantwortlich f\u00fcr den Inhalt nach \u00a7 55 Abs. 2 RStV: &hellip;<\/p>\n","protected":false},"author":1,"featured_media":0,"parent":0,"menu_order":0,"comment_status":"closed","ping_status":"closed","template":"","meta":{"footnotes":""},"class_list":["post-73","page","type-page","status-publish","hentry"],"_links":{"self":[{"href":"https:\/\/augenaerzte-baum-clausen.de\/index.php?rest_route=\/wp\/v2\/pages\/73","targetHints":{"allow":["GET"]}}],"collection":[{"href":"https:\/\/augenaerzte-baum-clausen.de\/index.php?rest_route=\/wp\/v2\/pages"}],"about":[{"href":"https:\/\/augenaerzte-baum-clausen.de\/index.php?rest_route=\/wp\/v2\/types\/page"}],"author":[{"embeddable":true,"href":"https:\/\/augenaerzte-baum-clausen.de\/index.php?rest_route=\/wp\/v2\/users\/1"}],"replies":[{"embeddable":true,"href":"https:\/\/augenaerzte-baum-clausen.de\/index.php?rest_route=%2Fwp%2Fv2%2Fcomments&post=73"}],"version-history":[{"count":24,"href":"https:\/\/augenaerzte-baum-clausen.de\/index.php?rest_route=\/wp\/v2\/pages\/73\/revisions"}],"predecessor-version":[{"id":283,"href":"https:\/\/augenaerzte-baum-clausen.de\/index.php?rest_route=\/wp\/v2\/pages\/73\/revisions\/283"}],"wp:attachment":[{"href":"https:\/\/augenaerzte-baum-clausen.de\/index.php?rest_route=%2Fwp%2Fv2%2Fmedia&parent=73"}],"curies":[{"name":"wp","href":"https:\/\/api.w.org\/{rel}","templated":true}]}}