{"id":106,"date":"2016-09-12T19:41:34","date_gmt":"2016-09-12T19:41:34","guid":{"rendered":"http:\/\/augenaerzte-baum-clausen.de\/?page_id=106"},"modified":"2016-11-02T10:31:40","modified_gmt":"2016-11-02T10:31:40","slug":"andrea-baum","status":"publish","type":"page","link":"https:\/\/augenaerzte-baum-clausen.de\/?page_id=106","title":{"rendered":"Fach\u00e4rztin Andrea Baum"},"content":{"rendered":"<p><img loading=\"lazy\" decoding=\"async\" class=\"aligncenter wp-image-250 size-large\" src=\"http:\/\/augenaerzte-baum-clausen.de\/wp-content\/uploads\/2016\/09\/ADS_8141_web-1024x653.jpg\" width=\"1024\" height=\"653\" srcset=\"https:\/\/augenaerzte-baum-clausen.de\/wp-content\/uploads\/2016\/09\/ADS_8141_web-1024x653.jpg 1024w, https:\/\/augenaerzte-baum-clausen.de\/wp-content\/uploads\/2016\/09\/ADS_8141_web-300x191.jpg 300w, https:\/\/augenaerzte-baum-clausen.de\/wp-content\/uploads\/2016\/09\/ADS_8141_web-768x489.jpg 768w, https:\/\/augenaerzte-baum-clausen.de\/wp-content\/uploads\/2016\/09\/ADS_8141_web-1440x918.jpg 1440w\" sizes=\"auto, (max-width: 1024px) 100vw, 1024px\" \/><\/p>\n<h4><\/h4>\n<ul>\n<li>Studium der Humanmedizin an der Friedrich-Schiller-Universit\u00e4t Jena<\/li>\n<li>Facharztausbildung an der Universit\u00e4tsaugenklinik FSU Jena<\/li>\n<li>Facharztanerkennung im Jahr 1998<\/li>\n<li>Niederlassung in augen\u00e4rztlicher Gemeinschaftspraxis in Jena 1999-2006<\/li>\n<li>Niederlassung in eigener Praxis in Erfurt seit 2007<\/li>\n<li>Gemeinschaftspraxis zusammen mit Frau Dr. Ina Clausen seit 2013<\/li>\n<\/ul>\n","protected":false},"excerpt":{"rendered":"<p>Studium der Humanmedizin an der Friedrich-Schiller-Universit\u00e4t Jena Facharztausbildung an der Universit\u00e4tsaugenklinik FSU Jena Facharztanerkennung im Jahr 1998 Niederlassung in augen\u00e4rztlicher Gemeinschaftspraxis in Jena 1999-2006 Niederlassung in eigener Praxis in Erfurt seit 2007 Gemeinschaftspraxis zusammen mit Frau Dr. Ina Clausen seit 2013<\/p>\n","protected":false},"author":1,"featured_media":0,"parent":0,"menu_order":0,"comment_status":"closed","ping_status":"closed","template":"","meta":{"footnotes":""},"class_list":["post-106","page","type-page","status-publish","hentry"],"_links":{"self":[{"href":"https:\/\/augenaerzte-baum-clausen.de\/index.php?rest_route=\/wp\/v2\/pages\/106","targetHints":{"allow":["GET"]}}],"collection":[{"href":"https:\/\/augenaerzte-baum-clausen.de\/index.php?rest_route=\/wp\/v2\/pages"}],"about":[{"href":"https:\/\/augenaerzte-baum-clausen.de\/index.php?rest_route=\/wp\/v2\/types\/page"}],"author":[{"embeddable":true,"href":"https:\/\/augenaerzte-baum-clausen.de\/index.php?rest_route=\/wp\/v2\/users\/1"}],"replies":[{"embeddable":true,"href":"https:\/\/augenaerzte-baum-clausen.de\/index.php?rest_route=%2Fwp%2Fv2%2Fcomments&post=106"}],"version-history":[{"count":9,"href":"https:\/\/augenaerzte-baum-clausen.de\/index.php?rest_route=\/wp\/v2\/pages\/106\/revisions"}],"predecessor-version":[{"id":282,"href":"https:\/\/augenaerzte-baum-clausen.de\/index.php?rest_route=\/wp\/v2\/pages\/106\/revisions\/282"}],"wp:attachment":[{"href":"https:\/\/augenaerzte-baum-clausen.de\/index.php?rest_route=%2Fwp%2Fv2%2Fmedia&parent=106"}],"curies":[{"name":"wp","href":"https:\/\/api.w.org\/{rel}","templated":true}]}}

Fachärztin Andrea Baum

<p><img loading="lazy" decoding="async" class="aligncenter wp-image-250 size-large" src="http://augenaerzte-baum-clausen.de/wp-content/uploads/2016/09/ADS_8141_web-1024x653.jpg" width="1024" height="653" srcset="https://augenaerzte-baum-clausen.de/wp-content/uploads/2016/09/ADS_8141_web-1024x653.jpg 1024w, https://augenaerzte-baum-clausen.de/wp-content/uploads/2016/09/ADS_8141_web-300x191.jpg 300w, https://augenaerzte-baum-clausen.de/wp-content/uploads/2016/09/ADS_8141_web-768x489.jpg 768w, https://augenaerzte-baum-clausen.de/wp-content/uploads/2016/09/ADS_8141_web-1440x918.jpg 1440w" sizes="auto, (max-width: 1024px) 100vw, 1024px" /></p>
<h4></h4>
<ul>
<li>Studium der Humanmedizin an der Friedrich-Schiller-Universität Jena</li>
<li>Facharztausbildung an der Universitätsaugenklinik FSU Jena</li>
<li>Facharztanerkennung im Jahr 1998</li>
<li>Niederlassung in augenärztlicher Gemeinschaftspraxis in Jena 1999-2006</li>
<li>Niederlassung in eigener Praxis in Erfurt seit 2007</li>
<li>Gemeinschaftspraxis zusammen mit Frau Dr. Ina Clausen seit 2013</li>
</ul>

<p>Studium der Humanmedizin an der Friedrich-Schiller-Universität Jena Facharztausbildung an der Universitätsaugenklinik FSU Jena Facharztanerkennung im Jahr 1998 Niederlassung in augenärztlicher Gemeinschaftspraxis in Jena 1999-2006 Niederlassung in eigener Praxis in Erfurt seit 2007 Gemeinschaftspraxis zusammen mit Frau Dr. Ina Clausen seit 2013</p>
